{"id":256434,"date":"2026-09-04T17:18:30","date_gmt":"2026-09-04T17:18:30","guid":{"rendered":"https:\/\/transitobarrancabermeja.gov.co\/ittb\/?post_type=tribe_events&#038;p=256434"},"modified":"2026-09-04T17:18:30","modified_gmt":"2026-09-04T17:18:30","slug":"reunion-cootrasmagdalena","status":"publish","type":"tribe_events","link":"https:\/\/transitobarrancabermeja.gov.co\/ittb\/calendariodeactividad\/reunion-cootrasmagdalena\/","title":{"rendered":"Reuni\u00f3n \u2013 Cootrasmagdalena"},"content":{"rendered":"<div data-olk-copy-source=\"CalendarCompose\">Cordial saludo,<\/div>\n<div>Por medio del presente, me permito convocar a reuni\u00f3n para el d\u00eda de hoy, <b>mi\u00e9rcoles 26 de agosto de 2026, a las 3:00 p. m.<\/b>, con la empresa de transporte p\u00fablico <b>Cootrasmagdalena<\/b>, con la participaci\u00f3n del <b>Profesional Especializado de Transporte P\u00fablico, Jorge Luis Trujillo<\/b>.<\/div>\n<div>La reuni\u00f3n tendr\u00e1 como finalidad abordar los temas relacionados con la prestaci\u00f3n y seguimiento del servicio de transporte p\u00fablico.<\/div>\n<div>Agradecemos su asistencia y puntualidad.<\/div>\n<div>Cordialmente,<\/div>\n","protected":false},"excerpt":{"rendered":"<p>Cordial saludo, Por medio del presente, me permito convocar a reuni\u00f3n para el d\u00eda de hoy, mi\u00e9rcoles 26 de agosto de 2026, a las 3:00 p. m., con la empresa [&hellip;]<\/p>\n","protected":false},"author":1,"featured_media":0,"template":"","meta":{"_et_pb_use_builder":"","_et_pb_old_content":"","_et_gb_content_width":"","_tribe_events_status":"","_tribe_events_status_reason":"","footnotes":""},"tags":[],"tribe_events_cat":[50],"class_list":["post-256434","tribe_events","type-tribe_events","status-publish","hentry","tribe_events_cat-calendario-de-actividades","cat_calendario-de-actividades"],"jetpack_sharing_enabled":true,"_links":{"self":[{"href":"https:\/\/transitobarrancabermeja.gov.co\/ittb\/wp-json\/wp\/v2\/tribe_events\/256434","targetHints":{"allow":["GET"]}}],"collection":[{"href":"https:\/\/transitobarrancabermeja.gov.co\/ittb\/wp-json\/wp\/v2\/tribe_events"}],"about":[{"href":"https:\/\/transitobarrancabermeja.gov.co\/ittb\/wp-json\/wp\/v2\/types\/tribe_events"}],"author":[{"embeddable":true,"href":"https:\/\/transitobarrancabermeja.gov.co\/ittb\/wp-json\/wp\/v2\/users\/1"}],"version-history":[{"count":1,"href":"https:\/\/transitobarrancabermeja.gov.co\/ittb\/wp-json\/wp\/v2\/tribe_events\/256434\/revisions"}],"predecessor-version":[{"id":256435,"href":"https:\/\/transitobarrancabermeja.gov.co\/ittb\/wp-json\/wp\/v2\/tribe_events\/256434\/revisions\/256435"}],"wp:attachment":[{"href":"https:\/\/transitobarrancabermeja.gov.co\/ittb\/wp-json\/wp\/v2\/media?parent=256434"}],"wp:term":[{"taxonomy":"post_tag","embeddable":true,"href":"https:\/\/transitobarrancabermeja.gov.co\/ittb\/wp-json\/wp\/v2\/tags?post=256434"},{"taxonomy":"tribe_events_cat","embeddable":true,"href":"https:\/\/transitobarrancabermeja.gov.co\/ittb\/wp-json\/wp\/v2\/tribe_events_cat?post=256434"}],"curies":[{"name":"wp","href":"https:\/\/api.w.org\/{rel}","templated":true}]}}

Reunión – Cootrasmagdalena

<div data-olk-copy-source="CalendarCompose">Cordial saludo,</div>
<div>Por medio del presente, me permito convocar a reunión para el día de hoy, <b>miércoles 26 de agosto de 2026, a las 3:00 p. m.</b>, con la empresa de transporte público <b>Cootrasmagdalena</b>, con la participación del <b>Profesional Especializado de Transporte Público, Jorge Luis Trujillo</b>.</div>
<div>La reunión tendrá como finalidad abordar los temas relacionados con la prestación y seguimiento del servicio de transporte público.</div>
<div>Agradecemos su asistencia y puntualidad.</div>
<div>Cordialmente,</div>

<p>Cordial saludo, Por medio del presente, me permito convocar a reunión para el día de hoy, miércoles 26 de agosto de 2026, a las 3:00 p. m., con la empresa [&hellip;]</p>
