{"id":256430,"date":"2026-09-04T16:26:44","date_gmt":"2026-09-04T16:26:44","guid":{"rendered":"https:\/\/transitobarrancabermeja.gov.co\/ittb\/?post_type=tribe_events&#038;p=256430"},"modified":"2026-09-04T16:26:44","modified_gmt":"2026-09-04T16:26:44","slug":"jornada-condudestrezas","status":"publish","type":"tribe_events","link":"https:\/\/transitobarrancabermeja.gov.co\/ittb\/calendariodeactividad\/jornada-condudestrezas\/","title":{"rendered":"Jornada Condudestrezas"},"content":{"rendered":"<div class=\"x_elementToProof\" data-olk-copy-source=\"MessageBody\">Se realizar\u00e1 Jornada de Sensibilizaci\u00f3n Vial dirigida a conductores de veh\u00edculo, del Programa Condu-destrezas de la Agencia Nacional de Seguridad Vial.<\/div>\n","protected":false},"excerpt":{"rendered":"<p>Se realizar\u00e1 Jornada de Sensibilizaci\u00f3n Vial dirigida a conductores de veh\u00edculo, del Programa Condu-destrezas de la Agencia Nacional de Seguridad Vial.<\/p>\n","protected":false},"author":1,"featured_media":0,"template":"","meta":{"_et_pb_use_builder":"","_et_pb_old_content":"","_et_gb_content_width":"","_tribe_events_status":"","_tribe_events_status_reason":"","footnotes":""},"tags":[],"tribe_events_cat":[50],"class_list":["post-256430","tribe_events","type-tribe_events","status-publish","hentry","tribe_events_cat-calendario-de-actividades","cat_calendario-de-actividades"],"jetpack_sharing_enabled":true,"_links":{"self":[{"href":"https:\/\/transitobarrancabermeja.gov.co\/ittb\/wp-json\/wp\/v2\/tribe_events\/256430","targetHints":{"allow":["GET"]}}],"collection":[{"href":"https:\/\/transitobarrancabermeja.gov.co\/ittb\/wp-json\/wp\/v2\/tribe_events"}],"about":[{"href":"https:\/\/transitobarrancabermeja.gov.co\/ittb\/wp-json\/wp\/v2\/types\/tribe_events"}],"author":[{"embeddable":true,"href":"https:\/\/transitobarrancabermeja.gov.co\/ittb\/wp-json\/wp\/v2\/users\/1"}],"version-history":[{"count":1,"href":"https:\/\/transitobarrancabermeja.gov.co\/ittb\/wp-json\/wp\/v2\/tribe_events\/256430\/revisions"}],"predecessor-version":[{"id":256431,"href":"https:\/\/transitobarrancabermeja.gov.co\/ittb\/wp-json\/wp\/v2\/tribe_events\/256430\/revisions\/256431"}],"wp:attachment":[{"href":"https:\/\/transitobarrancabermeja.gov.co\/ittb\/wp-json\/wp\/v2\/media?parent=256430"}],"wp:term":[{"taxonomy":"post_tag","embeddable":true,"href":"https:\/\/transitobarrancabermeja.gov.co\/ittb\/wp-json\/wp\/v2\/tags?post=256430"},{"taxonomy":"tribe_events_cat","embeddable":true,"href":"https:\/\/transitobarrancabermeja.gov.co\/ittb\/wp-json\/wp\/v2\/tribe_events_cat?post=256430"}],"curies":[{"name":"wp","href":"https:\/\/api.w.org\/{rel}","templated":true}]}}

<div class="x_elementToProof" data-olk-copy-source="MessageBody">Se realizará Jornada de Sensibilización Vial dirigida a conductores de vehículo, del Programa Condu-destrezas de la Agencia Nacional de Seguridad Vial.</div>

<p>Se realizará Jornada de Sensibilización Vial dirigida a conductores de vehículo, del Programa Condu-destrezas de la Agencia Nacional de Seguridad Vial.</p>
