{"id":256416,"date":"2026-09-04T15:21:38","date_gmt":"2026-09-04T15:21:38","guid":{"rendered":"https:\/\/transitobarrancabermeja.gov.co\/ittb\/?post_type=tribe_events&#038;p=256416"},"modified":"2026-09-04T15:21:38","modified_gmt":"2026-09-04T15:21:38","slug":"dia-de-la-ninez-y-la-recreacion","status":"publish","type":"tribe_events","link":"https:\/\/transitobarrancabermeja.gov.co\/ittb\/calendariodeactividad\/dia-de-la-ninez-y-la-recreacion\/","title":{"rendered":"D\u00eda de la Ni\u00f1ez y la Recreaci\u00f3n"},"content":{"rendered":"<div>Cordial saludo:<\/div>\n<div><\/div>\n<div>En el marco de la celebraci\u00f3n del Mes de la Ni\u00f1ez y en estricto cumplimiento del<\/div>\n<div>lineamiento nacional Br\u00fajula 2026, as\u00ed como de la Ley 724 de 2001, mediante la<\/div>\n<div>cual se institucionaliza el D\u00eda de la Ni\u00f1ez y la Recreaci\u00f3n, la Alcald\u00eda de<\/div>\n<div>Barrancabermeja, en virtud del Decreto 245 de 2025, y a trav\u00e9s de la Mesa de<\/div>\n<div>Primera Infancia, Infancia, Adolescencia y Fortalecimiento Familiar, en la cual la<\/div>\n<div>Direcci\u00f3n de las Mujeres ejerce la secretar\u00eda t\u00e9cnica, extiende una respetuosa<\/div>\n<div>solicitud de articulaci\u00f3n con sus despachos, con el prop\u00f3sito de coordinar acciones<\/div>\n<div>que garanticen de manera efectiva los derechos de los ni\u00f1os, ni\u00f1as y adolescentes<\/div>\n<div>en nuestro territorio.<\/div>\n<div><\/div>\n<div>El objetivo de la Br\u00fajula 2026 es \u201cvivenciar el derecho al juego en armon\u00eda con los<\/div>\n<div>dem\u00e1s derechos, impactando de manera significativa e intencional a la ni\u00f1ez, la<\/div>\n<div>adolescencia y sus familias\u201d. En virtud de los entornos definidos en dicho<\/div>\n<div>lineamiento, se contemplan:<\/div>\n<div><\/div>\n<div>1. Entorno de salud, con su lema \u201cJugando vamos sanando\u201d.<\/div>\n<div>2. Entorno educativo, con su lema \u201cMi escuela, territorio de juego\u201d.<\/div>\n<div>3. Entorno hogar, con su lema \u201cJugando en familia\u201d.<\/div>\n<div>4. Entorno comunitario, con su lema \u201cEspacio p\u00fablico, un territorio de juego\u201d.<\/div>\n<div>5. Entorno digital, con su lema \u201cTu juego me conecta\u201d.<\/div>\n<div><\/div>\n<div>Desde la Direcci\u00f3n de las Mujeres reiteramos nuestro compromiso de apoyar la<\/div>\n<div>planeaci\u00f3n y ejecuci\u00f3n de estas actividades, a trav\u00e9s de la Mesa de Primera<\/div>\n<div>Infancia, Infancia, Adolescencia y Fortalecimiento Familiar. La Br\u00fajula 2026<\/div>\n<div>constituye un llamado a la corresponsabilidad entre el Estado, la sociedad y la<\/div>\n<div>familia, con el fin de consolidar a Barrancabermeja como un territorio seguro y<\/div>\n<div>garante de los derechos de la ni\u00f1ez y la adolescencia.<\/div>\n<div>Bajo esta premisa, extendemos la invitaci\u00f3n a una reuni\u00f3n extraordinaria el d\u00eda 28<\/div>\n<div>de abril de 2026, en el auditorio # 2 de centro popular comercial C.P.C, en el horario<\/div>\n<div>de 2:00 p. m. a 4:00 p. m.<\/div>\n<div><\/div>\n<div>Orden del d\u00eda:<\/div>\n<div><\/div>\n<div>1. Saludo y bienvenida.<\/div>\n<div>2. Verificaci\u00f3n del cu\u00f3rum.<\/div>\n<div>3. Lectura y aprobaci\u00f3n del orden del d\u00eda.<\/div>\n<div>4. Socializaci\u00f3n del evento \u201cCelebraci\u00f3n D\u00eda de la Ni\u00f1ez\u201d.<\/div>\n<div>5. Proposiciones y varios.<\/div>\n<div>6. Cierre.<\/div>\n<div><\/div>\n<div>Nota: Es fundamental recordar que el par\u00e1grafo 2\u00b0 del art\u00edculo 27 del Decreto 245<\/div>\n<div>de 2025 establece:<\/div>\n<div><\/div>\n<div>\u201cLos secretarios de despacho y directores, en virtud de los principios que rigen las<\/div>\n<div>actuaciones administrativas y siempre que existan causas justificadas, podr\u00e1n<\/div>\n<div>designar, mediante acto administrativo motivado, un representante de su<\/div>\n<div>dependencia para que act\u00fae con facultades plenas de voz y voto en las sesiones<\/div>\n<div>de la mesa.\u201d<\/div>\n<div><\/div>\n<div>De manera atenta, se solicita remitir al correo institucional<\/div>\n<div>anam.jimenez@barrancabermeja.gov.co las respectivas delegaciones por escrito,<\/div>\n<div>en caso de que aplique.<\/div>\n<div><\/div>\n<div>Dichos documentos podr\u00e1n enviarse previamente por correo electr\u00f3nico o<\/div>\n<div>presentarse de manera f\u00edsica antes del inicio de la sesi\u00f3n de la Mesa<\/div>\n","protected":false},"excerpt":{"rendered":"<p>Cordial saludo: En el marco de la celebraci\u00f3n del Mes de la Ni\u00f1ez y en estricto cumplimiento del lineamiento nacional Br\u00fajula 2026, as\u00ed como de la Ley 724 de 2001, [&hellip;]<\/p>\n","protected":false},"author":1,"featured_media":0,"template":"","meta":{"_et_pb_use_builder":"","_et_pb_old_content":"","_et_gb_content_width":"","_tribe_events_status":"","_tribe_events_status_reason":"","footnotes":""},"tags":[],"tribe_events_cat":[50],"class_list":["post-256416","tribe_events","type-tribe_events","status-publish","hentry","tribe_events_cat-calendario-de-actividades","cat_calendario-de-actividades"],"jetpack_sharing_enabled":true,"_links":{"self":[{"href":"https:\/\/transitobarrancabermeja.gov.co\/ittb\/wp-json\/wp\/v2\/tribe_events\/256416","targetHints":{"allow":["GET"]}}],"collection":[{"href":"https:\/\/transitobarrancabermeja.gov.co\/ittb\/wp-json\/wp\/v2\/tribe_events"}],"about":[{"href":"https:\/\/transitobarrancabermeja.gov.co\/ittb\/wp-json\/wp\/v2\/types\/tribe_events"}],"author":[{"embeddable":true,"href":"https:\/\/transitobarrancabermeja.gov.co\/ittb\/wp-json\/wp\/v2\/users\/1"}],"version-history":[{"count":1,"href":"https:\/\/transitobarrancabermeja.gov.co\/ittb\/wp-json\/wp\/v2\/tribe_events\/256416\/revisions"}],"predecessor-version":[{"id":256417,"href":"https:\/\/transitobarrancabermeja.gov.co\/ittb\/wp-json\/wp\/v2\/tribe_events\/256416\/revisions\/256417"}],"wp:attachment":[{"href":"https:\/\/transitobarrancabermeja.gov.co\/ittb\/wp-json\/wp\/v2\/media?parent=256416"}],"wp:term":[{"taxonomy":"post_tag","embeddable":true,"href":"https:\/\/transitobarrancabermeja.gov.co\/ittb\/wp-json\/wp\/v2\/tags?post=256416"},{"taxonomy":"tribe_events_cat","embeddable":true,"href":"https:\/\/transitobarrancabermeja.gov.co\/ittb\/wp-json\/wp\/v2\/tribe_events_cat?post=256416"}],"curies":[{"name":"wp","href":"https:\/\/api.w.org\/{rel}","templated":true}]}}

Día de la Niñez y la Recreación

<div>Cordial saludo:</div>
<div></div>
<div>En el marco de la celebración del Mes de la Niñez y en estricto cumplimiento del</div>
<div>lineamiento nacional Brújula 2026, así como de la Ley 724 de 2001, mediante la</div>
<div>cual se institucionaliza el Día de la Niñez y la Recreación, la Alcaldía de</div>
<div>Barrancabermeja, en virtud del Decreto 245 de 2025, y a través de la Mesa de</div>
<div>Primera Infancia, Infancia, Adolescencia y Fortalecimiento Familiar, en la cual la</div>
<div>Dirección de las Mujeres ejerce la secretaría técnica, extiende una respetuosa</div>
<div>solicitud de articulación con sus despachos, con el propósito de coordinar acciones</div>
<div>que garanticen de manera efectiva los derechos de los niños, niñas y adolescentes</div>
<div>en nuestro territorio.</div>
<div></div>
<div>El objetivo de la Brújula 2026 es “vivenciar el derecho al juego en armonía con los</div>
<div>demás derechos, impactando de manera significativa e intencional a la niñez, la</div>
<div>adolescencia y sus familias”. En virtud de los entornos definidos en dicho</div>
<div>lineamiento, se contemplan:</div>
<div></div>
<div>1. Entorno de salud, con su lema “Jugando vamos sanando”.</div>
<div>2. Entorno educativo, con su lema “Mi escuela, territorio de juego”.</div>
<div>3. Entorno hogar, con su lema “Jugando en familia”.</div>
<div>4. Entorno comunitario, con su lema “Espacio público, un territorio de juego”.</div>
<div>5. Entorno digital, con su lema “Tu juego me conecta”.</div>
<div></div>
<div>Desde la Dirección de las Mujeres reiteramos nuestro compromiso de apoyar la</div>
<div>planeación y ejecución de estas actividades, a través de la Mesa de Primera</div>
<div>Infancia, Infancia, Adolescencia y Fortalecimiento Familiar. La Brújula 2026</div>
<div>constituye un llamado a la corresponsabilidad entre el Estado, la sociedad y la</div>
<div>familia, con el fin de consolidar a Barrancabermeja como un territorio seguro y</div>
<div>garante de los derechos de la niñez y la adolescencia.</div>
<div>Bajo esta premisa, extendemos la invitación a una reunión extraordinaria el día 28</div>
<div>de abril de 2026, en el auditorio # 2 de centro popular comercial C.P.C, en el horario</div>
<div>de 2:00 p. m. a 4:00 p. m.</div>
<div></div>
<div>Orden del día:</div>
<div></div>
<div>1. Saludo y bienvenida.</div>
<div>2. Verificación del cuórum.</div>
<div>3. Lectura y aprobación del orden del día.</div>
<div>4. Socialización del evento “Celebración Día de la Niñez”.</div>
<div>5. Proposiciones y varios.</div>
<div>6. Cierre.</div>
<div></div>
<div>Nota: Es fundamental recordar que el parágrafo 2° del artículo 27 del Decreto 245</div>
<div>de 2025 establece:</div>
<div></div>
<div>“Los secretarios de despacho y directores, en virtud de los principios que rigen las</div>
<div>actuaciones administrativas y siempre que existan causas justificadas, podrán</div>
<div>designar, mediante acto administrativo motivado, un representante de su</div>
<div>dependencia para que actúe con facultades plenas de voz y voto en las sesiones</div>
<div>de la mesa.”</div>
<div></div>
<div>De manera atenta, se solicita remitir al correo institucional</div>
<div>anam.jimenez@barrancabermeja.gov.co las respectivas delegaciones por escrito,</div>
<div>en caso de que aplique.</div>
<div></div>
<div>Dichos documentos podrán enviarse previamente por correo electrónico o</div>
<div>presentarse de manera física antes del inicio de la sesión de la Mesa</div>

<p>Cordial saludo: En el marco de la celebración del Mes de la Niñez y en estricto cumplimiento del lineamiento nacional Brújula 2026, así como de la Ley 724 de 2001, [&hellip;]</p>
