{"id":256414,"date":"2026-09-04T15:14:48","date_gmt":"2026-09-04T15:14:48","guid":{"rendered":"https:\/\/transitobarrancabermeja.gov.co\/ittb\/?post_type=tribe_events&#038;p=256414"},"modified":"2026-09-04T15:14:48","modified_gmt":"2026-09-04T15:14:48","slug":"eucaristia-en-memoria-de-karelys-merlano","status":"publish","type":"tribe_events","link":"https:\/\/transitobarrancabermeja.gov.co\/ittb\/calendariodeactividad\/eucaristia-en-memoria-de-karelys-merlano\/","title":{"rendered":"Eucarist\u00eda en memoria de Karelys Merlano"},"content":{"rendered":"<div>La Secretaria de las Mujeres y la Inclusi\u00f3n Social a trav\u00e9s de la Direcci\u00f3n de las Mujeres<\/div>\n<div>de Barrancabermeja, en el marco de su compromiso con la promoci\u00f3n de los derechos y la<\/div>\n<div>erradicaci\u00f3n de las violencias basadas en g\u00e9nero, se permite invitar de manera especial a<\/div>\n<div>las entidades, organizaciones e instituciones del orden local a participar en una eucarist\u00eda<\/div>\n<div>en memoria de Karelys Merlano, tras el lamentable hecho ocurrido el pasado 9 de abril de<\/div>\n<div>2026 en el Distrito de Barrancabermeja.<\/div>\n<div>Este espacio tiene como prop\u00f3sito honrar su memoria, expresar solidaridad y<\/div>\n<div>acompa\u00f1amiento a sus familiares, y reafirmar el compromiso institucional y social en la<\/div>\n<div>prevenci\u00f3n y erradicaci\u00f3n de las violencias contra las mujeres.<\/div>\n<div><\/div>\n<div>Fecha: viernes 17 de abril de 2026<\/div>\n<div>Hora: 5:00 p.m.<\/div>\n<div>Lugar: Iglesia Sagrado Coraz\u00f3n de Jes\u00fas (frente a la Alcald\u00eda Distrital)<\/div>\n<div><\/div>\n<div>Agradecemos su presencia en este acto de respeto, reflexi\u00f3n y uni\u00f3n, en el que como<\/div>\n<div>sociedad reiteramos nuestro rechazo frente a toda forma de violencia basada en g\u00e9nero.<\/div>\n<div>Cordialmente,<\/div>\n","protected":false},"excerpt":{"rendered":"<p>La Secretaria de las Mujeres y la Inclusi\u00f3n Social a trav\u00e9s de la Direcci\u00f3n de las Mujeres de Barrancabermeja, en el marco de su compromiso con la promoci\u00f3n de los [&hellip;]<\/p>\n","protected":false},"author":1,"featured_media":0,"template":"","meta":{"_et_pb_use_builder":"","_et_pb_old_content":"","_et_gb_content_width":"","_tribe_events_status":"","_tribe_events_status_reason":"","footnotes":""},"tags":[],"tribe_events_cat":[50],"class_list":["post-256414","tribe_events","type-tribe_events","status-publish","hentry","tribe_events_cat-calendario-de-actividades","cat_calendario-de-actividades"],"jetpack_sharing_enabled":true,"_links":{"self":[{"href":"https:\/\/transitobarrancabermeja.gov.co\/ittb\/wp-json\/wp\/v2\/tribe_events\/256414","targetHints":{"allow":["GET"]}}],"collection":[{"href":"https:\/\/transitobarrancabermeja.gov.co\/ittb\/wp-json\/wp\/v2\/tribe_events"}],"about":[{"href":"https:\/\/transitobarrancabermeja.gov.co\/ittb\/wp-json\/wp\/v2\/types\/tribe_events"}],"author":[{"embeddable":true,"href":"https:\/\/transitobarrancabermeja.gov.co\/ittb\/wp-json\/wp\/v2\/users\/1"}],"version-history":[{"count":1,"href":"https:\/\/transitobarrancabermeja.gov.co\/ittb\/wp-json\/wp\/v2\/tribe_events\/256414\/revisions"}],"predecessor-version":[{"id":256415,"href":"https:\/\/transitobarrancabermeja.gov.co\/ittb\/wp-json\/wp\/v2\/tribe_events\/256414\/revisions\/256415"}],"wp:attachment":[{"href":"https:\/\/transitobarrancabermeja.gov.co\/ittb\/wp-json\/wp\/v2\/media?parent=256414"}],"wp:term":[{"taxonomy":"post_tag","embeddable":true,"href":"https:\/\/transitobarrancabermeja.gov.co\/ittb\/wp-json\/wp\/v2\/tags?post=256414"},{"taxonomy":"tribe_events_cat","embeddable":true,"href":"https:\/\/transitobarrancabermeja.gov.co\/ittb\/wp-json\/wp\/v2\/tribe_events_cat?post=256414"}],"curies":[{"name":"wp","href":"https:\/\/api.w.org\/{rel}","templated":true}]}}

Eucaristía en memoria de Karelys Merlano

<div>La Secretaria de las Mujeres y la Inclusión Social a través de la Dirección de las Mujeres</div>
<div>de Barrancabermeja, en el marco de su compromiso con la promoción de los derechos y la</div>
<div>erradicación de las violencias basadas en género, se permite invitar de manera especial a</div>
<div>las entidades, organizaciones e instituciones del orden local a participar en una eucaristía</div>
<div>en memoria de Karelys Merlano, tras el lamentable hecho ocurrido el pasado 9 de abril de</div>
<div>2026 en el Distrito de Barrancabermeja.</div>
<div>Este espacio tiene como propósito honrar su memoria, expresar solidaridad y</div>
<div>acompañamiento a sus familiares, y reafirmar el compromiso institucional y social en la</div>
<div>prevención y erradicación de las violencias contra las mujeres.</div>
<div></div>
<div>Fecha: viernes 17 de abril de 2026</div>
<div>Hora: 5:00 p.m.</div>
<div>Lugar: Iglesia Sagrado Corazón de Jesús (frente a la Alcaldía Distrital)</div>
<div></div>
<div>Agradecemos su presencia en este acto de respeto, reflexión y unión, en el que como</div>
<div>sociedad reiteramos nuestro rechazo frente a toda forma de violencia basada en género.</div>
<div>Cordialmente,</div>

<p>La Secretaria de las Mujeres y la Inclusión Social a través de la Dirección de las Mujeres de Barrancabermeja, en el marco de su compromiso con la promoción de los [&hellip;]</p>
