{"id":256410,"date":"2026-09-04T14:48:29","date_gmt":"2026-09-04T14:48:29","guid":{"rendered":"https:\/\/transitobarrancabermeja.gov.co\/ittb\/?post_type=tribe_events&#038;p=256410"},"modified":"2026-09-04T14:48:29","modified_gmt":"2026-09-04T14:48:29","slug":"dale-paso-al-andar","status":"publish","type":"tribe_events","link":"https:\/\/transitobarrancabermeja.gov.co\/ittb\/calendariodeactividad\/dale-paso-al-andar\/","title":{"rendered":"DALE PASO AL ANDAR"},"content":{"rendered":"<div>Cordial saludo;<\/div>\n<div><\/div>\n<div>Cordial saludo, se\u00f1or Gustavo Moreno, el presente oficio es para darle a conocer que desde<\/div>\n<div>La Direcci\u00f3n Espacio P\u00fablico y Control Urbano, en aras de promover espacios p\u00fablicos<\/div>\n<div>seguros, para el goce y disfrute de toda la comunidad de Barrancabermeja, nos<\/div>\n<div>encontramos realizando campa\u00f1as con enfoque diferencial. En dicha campa\u00f1a se socializa<\/div>\n<div>la importancia de cuidar los espacios p\u00fablicos, en especial las demarcaciones para las<\/div>\n<div>personas en condici\u00f3n de discapacidad, movilidad reducida o\/u otra situaci\u00f3n que presente<\/div>\n<div>la poblaci\u00f3n del com\u00fan.<\/div>\n<div><\/div>\n<div>Los objetivos de la direcci\u00f3n respecto a las actividades son:<\/div>\n<div><\/div>\n<div>1. Realizar campa\u00f1as de inclusi\u00f3n enfocadas en el buen uso del espacio p\u00fablico,<\/div>\n<div>deberes y derechos del uso del espacio p\u00fablico en instituciones educativas;<\/div>\n<div>2. Incluir de manera general desde una campa\u00f1a hacia el respeto de los espacios<\/div>\n<div>p\u00fablicos prioritarios de las franjas exclusivas para las personas en condici\u00f3n<\/div>\n<div>discapacidad con el fin de sensibilizar a la poblaci\u00f3n estudiantil y funcionarios del<\/div>\n<div>plantel educativo;<\/div>\n<div>3. Realizar una caminata con el Director de espacio p\u00fablico donde valide las<\/div>\n<div>condiciones de espacio p\u00fablico de un estudiante hasta su casa, con el fin de realizar<\/div>\n<div>las respectivas sensibilizaciones y pedagog\u00eda por la invasi\u00f3n del espacio p\u00fablico.<\/div>\n<div><\/div>\n<div>Lugares:<\/div>\n<div><\/div>\n<div>1. Instituci\u00f3n Educativa T\u00e9cnico Jhon F. Kennedy Carrera 28 a N\u00b044-70 Palmira<\/div>\n<div><\/div>\n<div>Fechas: 9 de abril del 2026<\/div>\n<div>Hora: 11:30 am a 12:30 p.m<\/div>\n","protected":false},"excerpt":{"rendered":"<p>Cordial saludo; Cordial saludo, se\u00f1or Gustavo Moreno, el presente oficio es para darle a conocer que desde La Direcci\u00f3n Espacio P\u00fablico y Control Urbano, en aras de promover espacios p\u00fablicos [&hellip;]<\/p>\n","protected":false},"author":1,"featured_media":0,"template":"","meta":{"_et_pb_use_builder":"","_et_pb_old_content":"","_et_gb_content_width":"","_tribe_events_status":"","_tribe_events_status_reason":"","footnotes":""},"tags":[],"tribe_events_cat":[50],"class_list":["post-256410","tribe_events","type-tribe_events","status-publish","hentry","tribe_events_cat-calendario-de-actividades","cat_calendario-de-actividades"],"jetpack_sharing_enabled":true,"_links":{"self":[{"href":"https:\/\/transitobarrancabermeja.gov.co\/ittb\/wp-json\/wp\/v2\/tribe_events\/256410","targetHints":{"allow":["GET"]}}],"collection":[{"href":"https:\/\/transitobarrancabermeja.gov.co\/ittb\/wp-json\/wp\/v2\/tribe_events"}],"about":[{"href":"https:\/\/transitobarrancabermeja.gov.co\/ittb\/wp-json\/wp\/v2\/types\/tribe_events"}],"author":[{"embeddable":true,"href":"https:\/\/transitobarrancabermeja.gov.co\/ittb\/wp-json\/wp\/v2\/users\/1"}],"version-history":[{"count":1,"href":"https:\/\/transitobarrancabermeja.gov.co\/ittb\/wp-json\/wp\/v2\/tribe_events\/256410\/revisions"}],"predecessor-version":[{"id":256411,"href":"https:\/\/transitobarrancabermeja.gov.co\/ittb\/wp-json\/wp\/v2\/tribe_events\/256410\/revisions\/256411"}],"wp:attachment":[{"href":"https:\/\/transitobarrancabermeja.gov.co\/ittb\/wp-json\/wp\/v2\/media?parent=256410"}],"wp:term":[{"taxonomy":"post_tag","embeddable":true,"href":"https:\/\/transitobarrancabermeja.gov.co\/ittb\/wp-json\/wp\/v2\/tags?post=256410"},{"taxonomy":"tribe_events_cat","embeddable":true,"href":"https:\/\/transitobarrancabermeja.gov.co\/ittb\/wp-json\/wp\/v2\/tribe_events_cat?post=256410"}],"curies":[{"name":"wp","href":"https:\/\/api.w.org\/{rel}","templated":true}]}}

<div>Cordial saludo;</div>
<div></div>
<div>Cordial saludo, señor Gustavo Moreno, el presente oficio es para darle a conocer que desde</div>
<div>La Dirección Espacio Público y Control Urbano, en aras de promover espacios públicos</div>
<div>seguros, para el goce y disfrute de toda la comunidad de Barrancabermeja, nos</div>
<div>encontramos realizando campañas con enfoque diferencial. En dicha campaña se socializa</div>
<div>la importancia de cuidar los espacios públicos, en especial las demarcaciones para las</div>
<div>personas en condición de discapacidad, movilidad reducida o/u otra situación que presente</div>
<div>la población del común.</div>
<div></div>
<div>Los objetivos de la dirección respecto a las actividades son:</div>
<div></div>
<div>1. Realizar campañas de inclusión enfocadas en el buen uso del espacio público,</div>
<div>deberes y derechos del uso del espacio público en instituciones educativas;</div>
<div>2. Incluir de manera general desde una campaña hacia el respeto de los espacios</div>
<div>públicos prioritarios de las franjas exclusivas para las personas en condición</div>
<div>discapacidad con el fin de sensibilizar a la población estudiantil y funcionarios del</div>
<div>plantel educativo;</div>
<div>3. Realizar una caminata con el Director de espacio público donde valide las</div>
<div>condiciones de espacio público de un estudiante hasta su casa, con el fin de realizar</div>
<div>las respectivas sensibilizaciones y pedagogía por la invasión del espacio público.</div>
<div></div>
<div>Lugares:</div>
<div></div>
<div>1. Institución Educativa Técnico Jhon F. Kennedy Carrera 28 a N°44-70 Palmira</div>
<div></div>
<div>Fechas: 9 de abril del 2026</div>
<div>Hora: 11:30 am a 12:30 p.m</div>

<p>Cordial saludo; Cordial saludo, señor Gustavo Moreno, el presente oficio es para darle a conocer que desde La Dirección Espacio Público y Control Urbano, en aras de promover espacios públicos [&hellip;]</p>
