{"id":256395,"date":"2026-09-03T19:39:05","date_gmt":"2026-09-03T19:39:05","guid":{"rendered":"https:\/\/transitobarrancabermeja.gov.co\/ittb\/?post_type=tribe_events&#038;p=256395"},"modified":"2026-09-03T19:39:05","modified_gmt":"2026-09-03T19:39:05","slug":"convocatoria-a-la-campana-vial-para-la-proteccion-de-la-fauna-silvestre","status":"publish","type":"tribe_events","link":"https:\/\/transitobarrancabermeja.gov.co\/ittb\/calendariodeactividad\/convocatoria-a-la-campana-vial-para-la-proteccion-de-la-fauna-silvestre\/","title":{"rendered":"Convocatoria a la Campa\u00f1a Vial para la Protecci\u00f3n de la Fauna Silvestre"},"content":{"rendered":"<div>Cordial Saludo,<\/div>\n<div><\/div>\n<div>A trav\u00e9s de este comunicado, extendemos una cordial invitaci\u00f3n para participar en la Campa\u00f1a Vial en pro de la protecci\u00f3n de la fauna silvestre, la cual se llevar\u00e1 a cabo:<\/div>\n<div><\/div>\n<div>Fecha: Mi\u00e9rcoles, 11 de Marzo de 2026<\/div>\n<div>Lugar: PR 4 + 450 de la UF 2,2 sentido Norte CD<\/div>\n<div>Hora: 10:00 a.m. \u2013 12:00 m<\/div>\n","protected":false},"excerpt":{"rendered":"<p>Cordial Saludo, A trav\u00e9s de este comunicado, extendemos una cordial invitaci\u00f3n para participar en la Campa\u00f1a Vial en pro de la protecci\u00f3n de la fauna silvestre, la cual se llevar\u00e1 [&hellip;]<\/p>\n","protected":false},"author":1,"featured_media":0,"template":"","meta":{"_et_pb_use_builder":"","_et_pb_old_content":"","_et_gb_content_width":"","_tribe_events_status":"","_tribe_events_status_reason":"","footnotes":""},"tags":[],"tribe_events_cat":[50],"class_list":["post-256395","tribe_events","type-tribe_events","status-publish","hentry","tribe_events_cat-calendario-de-actividades","cat_calendario-de-actividades"],"jetpack_sharing_enabled":true,"_links":{"self":[{"href":"https:\/\/transitobarrancabermeja.gov.co\/ittb\/wp-json\/wp\/v2\/tribe_events\/256395","targetHints":{"allow":["GET"]}}],"collection":[{"href":"https:\/\/transitobarrancabermeja.gov.co\/ittb\/wp-json\/wp\/v2\/tribe_events"}],"about":[{"href":"https:\/\/transitobarrancabermeja.gov.co\/ittb\/wp-json\/wp\/v2\/types\/tribe_events"}],"author":[{"embeddable":true,"href":"https:\/\/transitobarrancabermeja.gov.co\/ittb\/wp-json\/wp\/v2\/users\/1"}],"version-history":[{"count":1,"href":"https:\/\/transitobarrancabermeja.gov.co\/ittb\/wp-json\/wp\/v2\/tribe_events\/256395\/revisions"}],"predecessor-version":[{"id":256396,"href":"https:\/\/transitobarrancabermeja.gov.co\/ittb\/wp-json\/wp\/v2\/tribe_events\/256395\/revisions\/256396"}],"wp:attachment":[{"href":"https:\/\/transitobarrancabermeja.gov.co\/ittb\/wp-json\/wp\/v2\/media?parent=256395"}],"wp:term":[{"taxonomy":"post_tag","embeddable":true,"href":"https:\/\/transitobarrancabermeja.gov.co\/ittb\/wp-json\/wp\/v2\/tags?post=256395"},{"taxonomy":"tribe_events_cat","embeddable":true,"href":"https:\/\/transitobarrancabermeja.gov.co\/ittb\/wp-json\/wp\/v2\/tribe_events_cat?post=256395"}],"curies":[{"name":"wp","href":"https:\/\/api.w.org\/{rel}","templated":true}]}}

Convocatoria a la Campaña Vial para la Protección de la Fauna Silvestre

<div>Cordial Saludo,</div>
<div></div>
<div>A través de este comunicado, extendemos una cordial invitación para participar en la Campaña Vial en pro de la protección de la fauna silvestre, la cual se llevará a cabo:</div>
<div></div>
<div>Fecha: Miércoles, 11 de Marzo de 2026</div>
<div>Lugar: PR 4 + 450 de la UF 2,2 sentido Norte CD</div>
<div>Hora: 10:00 a.m. – 12:00 m</div>

<p>Cordial Saludo, A través de este comunicado, extendemos una cordial invitación para participar en la Campaña Vial en pro de la protección de la fauna silvestre, la cual se llevará [&hellip;]</p>
