{"id":256392,"date":"2026-09-03T19:27:29","date_gmt":"2026-09-03T19:27:29","guid":{"rendered":"https:\/\/transitobarrancabermeja.gov.co\/ittb\/?post_type=tribe_events&#038;p=256392"},"modified":"2026-09-03T19:27:29","modified_gmt":"2026-09-03T19:27:29","slug":"mesa-de-primera-infancia-infancia-adolescencia-y-fortalecimiento-familiar-barrancabermeja-2026","status":"publish","type":"tribe_events","link":"https:\/\/transitobarrancabermeja.gov.co\/ittb\/calendariodeactividad\/mesa-de-primera-infancia-infancia-adolescencia-y-fortalecimiento-familiar-barrancabermeja-2026\/","title":{"rendered":"MESA DE PRIMERA INFANCIA INFANCIA ADOLESCENCIA Y FORTALECIMIENTO FAMILIAR BARRANCABERMEJA 2026"},"content":{"rendered":"<p><b>D\u00cdA:<\/b>\u00a0jueves 5 de marzo de 2026.<\/p>\n<p><b>LUGAR<\/b>: Auditorio CASAMATRIZ<\/p>\n<p><b>HORA:<\/b>\u00a09:00 a. m. a 11:00 a. m.<\/p>\n<div><b>Orden del d\u00eda:<\/b><\/div>\n<p>1.\u00a0\u00a0 \u00a0Apertura y saludo de bienvenida, a cargo de la Dra. Alejandra Taborda.<\/p>\n<p>2.\u00a0\u00a0 \u00a0Verificaci\u00f3n del cu\u00f3rum.<\/p>\n<p>3.\u00a0\u00a0 \u00a0Aprobaci\u00f3n o modificaci\u00f3n del orden del d\u00eda.<\/p>\n<p>4.\u00a0\u00a0 \u00a0Lectura y aprobaci\u00f3n del acta anterior # 148 del 27 de noviembre del 2025.<\/p>\n<p>5.\u00a0\u00a0 \u00a0Socializaci\u00f3n del Decreto 245 de 2025.<\/p>\n<p>6.\u00a0\u00a0 \u00a0Socializaci\u00f3n del plan estrat\u00e9gico \/operativo 2026.<\/p>\n<p>7.\u00a0\u00a0 \u00a0Revisi\u00f3n de compromisos y seguimiento a la matriz del plan estrat\u00e9gico y operativo 2025.<\/p>\n<p>8.\u00a0\u00a0 \u00a0Socializaci\u00f3n del lineamiento nacional &#8220;Br\u00fajula&#8221;, en el marco de la Ley 724 de 2001.<\/p>\n<p>9.\u00a0\u00a0 \u00a0Proposiciones y varios.<\/p>\n<p>10.\u00a0Compromisos.<\/p>\n<p>Es fundamental recordar que el par\u00e1grafo 2\u00b0 del art\u00edculo 27 del Decreto 245 de 2025 establece:<\/p>\n<p>&#8220;<b>Par\u00e1grafo 2:<\/b>\u00a0Los secretarios de despacho y directores, en virtud de los principios que rigen las actuaciones administrativas y siempre que existan causas justificadas, podr\u00e1n designar mediante acto administrativo motivado un representante de su dependencia para que act\u00fae con facultades plenas de voz y voto en las sesiones de la mesa&#8221;.<\/p>\n<p>De manera atenta, se solicita remitir al correo institucional anam.jimenez@barrancabermeja.gov.co las sugerencias que consideren pertinentes para la construcci\u00f3n del orden del d\u00eda, as\u00ed como las respectivas delegaciones por escrito, en caso de que apliquen.<\/p>\n<p>Dichos documentos podr\u00e1n ser enviados previamente por correo electr\u00f3nico o presentados de manera f\u00edsica antes del inicio de la sesi\u00f3n.<\/p>\n","protected":false},"excerpt":{"rendered":"<p>D\u00cdA:\u00a0jueves 5 de marzo de 2026. LUGAR: Auditorio CASAMATRIZ HORA:\u00a09:00 a. m. a 11:00 a. m. Orden del d\u00eda: 1.\u00a0\u00a0 \u00a0Apertura y saludo de bienvenida, a cargo de la Dra. [&hellip;]<\/p>\n","protected":false},"author":1,"featured_media":0,"template":"","meta":{"_et_pb_use_builder":"","_et_pb_old_content":"","_et_gb_content_width":"","_tribe_events_status":"","_tribe_events_status_reason":"","footnotes":""},"tags":[],"tribe_events_cat":[50],"class_list":["post-256392","tribe_events","type-tribe_events","status-publish","hentry","tribe_events_cat-calendario-de-actividades","cat_calendario-de-actividades"],"jetpack_sharing_enabled":true,"_links":{"self":[{"href":"https:\/\/transitobarrancabermeja.gov.co\/ittb\/wp-json\/wp\/v2\/tribe_events\/256392","targetHints":{"allow":["GET"]}}],"collection":[{"href":"https:\/\/transitobarrancabermeja.gov.co\/ittb\/wp-json\/wp\/v2\/tribe_events"}],"about":[{"href":"https:\/\/transitobarrancabermeja.gov.co\/ittb\/wp-json\/wp\/v2\/types\/tribe_events"}],"author":[{"embeddable":true,"href":"https:\/\/transitobarrancabermeja.gov.co\/ittb\/wp-json\/wp\/v2\/users\/1"}],"version-history":[{"count":1,"href":"https:\/\/transitobarrancabermeja.gov.co\/ittb\/wp-json\/wp\/v2\/tribe_events\/256392\/revisions"}],"predecessor-version":[{"id":256394,"href":"https:\/\/transitobarrancabermeja.gov.co\/ittb\/wp-json\/wp\/v2\/tribe_events\/256392\/revisions\/256394"}],"wp:attachment":[{"href":"https:\/\/transitobarrancabermeja.gov.co\/ittb\/wp-json\/wp\/v2\/media?parent=256392"}],"wp:term":[{"taxonomy":"post_tag","embeddable":true,"href":"https:\/\/transitobarrancabermeja.gov.co\/ittb\/wp-json\/wp\/v2\/tags?post=256392"},{"taxonomy":"tribe_events_cat","embeddable":true,"href":"https:\/\/transitobarrancabermeja.gov.co\/ittb\/wp-json\/wp\/v2\/tribe_events_cat?post=256392"}],"curies":[{"name":"wp","href":"https:\/\/api.w.org\/{rel}","templated":true}]}}

<p><b>DÍA:</b> jueves 5 de marzo de 2026.</p>
<p><b>LUGAR</b>: Auditorio CASAMATRIZ</p>
<p><b>HORA:</b> 9:00 a. m. a 11:00 a. m.</p>
<div><b>Orden del día:</b></div>
<p>1.    Apertura y saludo de bienvenida, a cargo de la Dra. Alejandra Taborda.</p>
<p>2.    Verificación del cuórum.</p>
<p>3.    Aprobación o modificación del orden del día.</p>
<p>4.    Lectura y aprobación del acta anterior # 148 del 27 de noviembre del 2025.</p>
<p>5.    Socialización del Decreto 245 de 2025.</p>
<p>6.    Socialización del plan estratégico /operativo 2026.</p>
<p>7.    Revisión de compromisos y seguimiento a la matriz del plan estratégico y operativo 2025.</p>
<p>8.    Socialización del lineamiento nacional &#8220;Brújula&#8221;, en el marco de la Ley 724 de 2001.</p>
<p>9.    Proposiciones y varios.</p>
<p>10. Compromisos.</p>
<p>Es fundamental recordar que el parágrafo 2° del artículo 27 del Decreto 245 de 2025 establece:</p>
<p>&#8220;<b>Parágrafo 2:</b> Los secretarios de despacho y directores, en virtud de los principios que rigen las actuaciones administrativas y siempre que existan causas justificadas, podrán designar mediante acto administrativo motivado un representante de su dependencia para que actúe con facultades plenas de voz y voto en las sesiones de la mesa&#8221;.</p>
<p>De manera atenta, se solicita remitir al correo institucional anam.jimenez@barrancabermeja.gov.co las sugerencias que consideren pertinentes para la construcción del orden del día, así como las respectivas delegaciones por escrito, en caso de que apliquen.</p>
<p>Dichos documentos podrán ser enviados previamente por correo electrónico o presentados de manera física antes del inicio de la sesión.</p>

<p>DÍA: jueves 5 de marzo de 2026. LUGAR: Auditorio CASAMATRIZ HORA: 9:00 a. m. a 11:00 a. m. Orden del día: 1.    Apertura y saludo de bienvenida, a cargo de la Dra. [&hellip;]</p>
