{"id":256390,"date":"2026-09-03T17:23:28","date_gmt":"2026-09-03T17:23:28","guid":{"rendered":"https:\/\/transitobarrancabermeja.gov.co\/ittb\/?post_type=tribe_events&#038;p=256390"},"modified":"2026-09-03T17:23:28","modified_gmt":"2026-09-03T17:23:28","slug":"reunion-sec-medio-ambiente","status":"publish","type":"tribe_events","link":"https:\/\/transitobarrancabermeja.gov.co\/ittb\/calendariodeactividad\/reunion-sec-medio-ambiente\/","title":{"rendered":"REUNION SEC MEDIO AMBIENTE"},"content":{"rendered":"<div>Cordial saludo<\/div>\n<div><\/div>\n<div>En vista de las numerosas quejas y solicitudes relacionadas con la afectaci\u00f3n a la convivencia y a la tranquilidad de los ciudadanos, por la emisi\u00f3n de ruido proveniente de diferentes fuentes de emisi\u00f3n, nos permitimos invitarlo a una reuni\u00f3n formal para establecer un cronograma de capacitaci\u00f3n a los funcionarios de su entidad y abordar los temas y la log\u00edstica a implementar para atender estos casos:<\/div>\n<div><\/div>\n<div>Lugar: Secretar\u00eda Distrital de Ambiente y Transici\u00f3n Energ\u00e9tica<\/div>\n<div>Fecha: Jueves 12 de febrero de 2026<\/div>\n<div>Hora: 2.30 p.m.<\/div>\n<div>Nueva direcci\u00f3n: Calle 49 No. 4\u201302 Piso 2. Sector comercial<\/div>\n","protected":false},"excerpt":{"rendered":"<p>Cordial saludo En vista de las numerosas quejas y solicitudes relacionadas con la afectaci\u00f3n a la convivencia y a la tranquilidad de los ciudadanos, por la emisi\u00f3n de ruido proveniente [&hellip;]<\/p>\n","protected":false},"author":1,"featured_media":0,"template":"","meta":{"_et_pb_use_builder":"","_et_pb_old_content":"","_et_gb_content_width":"","_tribe_events_status":"","_tribe_events_status_reason":"","footnotes":""},"tags":[],"tribe_events_cat":[50],"class_list":["post-256390","tribe_events","type-tribe_events","status-publish","hentry","tribe_events_cat-calendario-de-actividades","cat_calendario-de-actividades"],"jetpack_sharing_enabled":true,"_links":{"self":[{"href":"https:\/\/transitobarrancabermeja.gov.co\/ittb\/wp-json\/wp\/v2\/tribe_events\/256390","targetHints":{"allow":["GET"]}}],"collection":[{"href":"https:\/\/transitobarrancabermeja.gov.co\/ittb\/wp-json\/wp\/v2\/tribe_events"}],"about":[{"href":"https:\/\/transitobarrancabermeja.gov.co\/ittb\/wp-json\/wp\/v2\/types\/tribe_events"}],"author":[{"embeddable":true,"href":"https:\/\/transitobarrancabermeja.gov.co\/ittb\/wp-json\/wp\/v2\/users\/1"}],"version-history":[{"count":1,"href":"https:\/\/transitobarrancabermeja.gov.co\/ittb\/wp-json\/wp\/v2\/tribe_events\/256390\/revisions"}],"predecessor-version":[{"id":256391,"href":"https:\/\/transitobarrancabermeja.gov.co\/ittb\/wp-json\/wp\/v2\/tribe_events\/256390\/revisions\/256391"}],"wp:attachment":[{"href":"https:\/\/transitobarrancabermeja.gov.co\/ittb\/wp-json\/wp\/v2\/media?parent=256390"}],"wp:term":[{"taxonomy":"post_tag","embeddable":true,"href":"https:\/\/transitobarrancabermeja.gov.co\/ittb\/wp-json\/wp\/v2\/tags?post=256390"},{"taxonomy":"tribe_events_cat","embeddable":true,"href":"https:\/\/transitobarrancabermeja.gov.co\/ittb\/wp-json\/wp\/v2\/tribe_events_cat?post=256390"}],"curies":[{"name":"wp","href":"https:\/\/api.w.org\/{rel}","templated":true}]}}

<div>Cordial saludo</div>
<div></div>
<div>En vista de las numerosas quejas y solicitudes relacionadas con la afectación a la convivencia y a la tranquilidad de los ciudadanos, por la emisión de ruido proveniente de diferentes fuentes de emisión, nos permitimos invitarlo a una reunión formal para establecer un cronograma de capacitación a los funcionarios de su entidad y abordar los temas y la logística a implementar para atender estos casos:</div>
<div></div>
<div>Lugar: Secretaría Distrital de Ambiente y Transición Energética</div>
<div>Fecha: Jueves 12 de febrero de 2026</div>
<div>Hora: 2.30 p.m.</div>
<div>Nueva dirección: Calle 49 No. 4–02 Piso 2. Sector comercial</div>

<p>Cordial saludo En vista de las numerosas quejas y solicitudes relacionadas con la afectación a la convivencia y a la tranquilidad de los ciudadanos, por la emisión de ruido proveniente [&hellip;]</p>
