{"id":256386,"date":"2026-09-03T16:11:29","date_gmt":"2026-09-03T16:11:29","guid":{"rendered":"https:\/\/transitobarrancabermeja.gov.co\/ittb\/?post_type=tribe_events&#038;p=256386"},"modified":"2026-09-03T16:11:29","modified_gmt":"2026-09-03T16:11:29","slug":"reunion-socializacion-politica-publica-de-espacio-publico-en-persona","status":"publish","type":"tribe_events","link":"https:\/\/transitobarrancabermeja.gov.co\/ittb\/calendariodeactividad\/reunion-socializacion-politica-publica-de-espacio-publico-en-persona\/","title":{"rendered":"Reuni\u00f3n socializaci\u00f3n Pol\u00edtica Publica de espacio publico [En persona]"},"content":{"rendered":"<div>FECHA: 10 de febrero del 2026<\/div>\n<div>HORA: 10:00 A.M.<\/div>\n<div><\/div>\n<div>PUNTO DE REUNION: Despacho de la Direcci\u00f3n de Espacio P\u00fablico y Control<\/div>\n<div>urbano- Edificio Superestrellas segundo piso.<\/div>\n<div><\/div>\n<div>El orden del d\u00eda ser\u00e1 el siguiente:<\/div>\n<div><\/div>\n<div>1. Verificaci\u00f3n lista de asistencia.<\/div>\n<div>2. Socializaci\u00f3n Pol\u00edtica Publica y Control Urbano.<\/div>\n<div>3. Preguntas y respuestas.<\/div>\n<div><\/div>\n<div>El objetivo principal de esta reuni\u00f3n es dar a conocer y socializar la pol\u00edtica p\u00fablica,<\/div>\n<div>con el fin de realizar un trabajo sistem\u00e1tico y mancomunado con la Direcci\u00f3n de<\/div>\n<div>Espacio P\u00fablico y Control Urbano, su equipo interno de trabajo, Secretarias y<\/div>\n<div>Direcciones de la administraci\u00f3n Central relacionadas con el uso, sostenimiento y<\/div>\n<div>mantenimiento del Espacio P\u00fablico y Control Urbano.<\/div>\n<div><\/div>\n<div>Agradecemos su puntual asistencia y su disposici\u00f3n para la participaci\u00f3n.<\/div>\n<div><\/div>\n<div>Atentamente,<\/div>\n","protected":false},"excerpt":{"rendered":"<p>FECHA: 10 de febrero del 2026 HORA: 10:00 A.M. PUNTO DE REUNION: Despacho de la Direcci\u00f3n de Espacio P\u00fablico y Control urbano- Edificio Superestrellas segundo piso. El orden del d\u00eda [&hellip;]<\/p>\n","protected":false},"author":1,"featured_media":0,"template":"","meta":{"_et_pb_use_builder":"","_et_pb_old_content":"","_et_gb_content_width":"","_tribe_events_status":"","_tribe_events_status_reason":"","footnotes":""},"tags":[],"tribe_events_cat":[50],"class_list":["post-256386","tribe_events","type-tribe_events","status-publish","hentry","tribe_events_cat-calendario-de-actividades","cat_calendario-de-actividades"],"jetpack_sharing_enabled":true,"_links":{"self":[{"href":"https:\/\/transitobarrancabermeja.gov.co\/ittb\/wp-json\/wp\/v2\/tribe_events\/256386","targetHints":{"allow":["GET"]}}],"collection":[{"href":"https:\/\/transitobarrancabermeja.gov.co\/ittb\/wp-json\/wp\/v2\/tribe_events"}],"about":[{"href":"https:\/\/transitobarrancabermeja.gov.co\/ittb\/wp-json\/wp\/v2\/types\/tribe_events"}],"author":[{"embeddable":true,"href":"https:\/\/transitobarrancabermeja.gov.co\/ittb\/wp-json\/wp\/v2\/users\/1"}],"version-history":[{"count":1,"href":"https:\/\/transitobarrancabermeja.gov.co\/ittb\/wp-json\/wp\/v2\/tribe_events\/256386\/revisions"}],"predecessor-version":[{"id":256387,"href":"https:\/\/transitobarrancabermeja.gov.co\/ittb\/wp-json\/wp\/v2\/tribe_events\/256386\/revisions\/256387"}],"wp:attachment":[{"href":"https:\/\/transitobarrancabermeja.gov.co\/ittb\/wp-json\/wp\/v2\/media?parent=256386"}],"wp:term":[{"taxonomy":"post_tag","embeddable":true,"href":"https:\/\/transitobarrancabermeja.gov.co\/ittb\/wp-json\/wp\/v2\/tags?post=256386"},{"taxonomy":"tribe_events_cat","embeddable":true,"href":"https:\/\/transitobarrancabermeja.gov.co\/ittb\/wp-json\/wp\/v2\/tribe_events_cat?post=256386"}],"curies":[{"name":"wp","href":"https:\/\/api.w.org\/{rel}","templated":true}]}}

Reunión socialización Política Publica de espacio publico [En persona]

<div>FECHA: 10 de febrero del 2026</div>
<div>HORA: 10:00 A.M.</div>
<div></div>
<div>PUNTO DE REUNION: Despacho de la Dirección de Espacio Público y Control</div>
<div>urbano- Edificio Superestrellas segundo piso.</div>
<div></div>
<div>El orden del día será el siguiente:</div>
<div></div>
<div>1. Verificación lista de asistencia.</div>
<div>2. Socialización Política Publica y Control Urbano.</div>
<div>3. Preguntas y respuestas.</div>
<div></div>
<div>El objetivo principal de esta reunión es dar a conocer y socializar la política pública,</div>
<div>con el fin de realizar un trabajo sistemático y mancomunado con la Dirección de</div>
<div>Espacio Público y Control Urbano, su equipo interno de trabajo, Secretarias y</div>
<div>Direcciones de la administración Central relacionadas con el uso, sostenimiento y</div>
<div>mantenimiento del Espacio Público y Control Urbano.</div>
<div></div>
<div>Agradecemos su puntual asistencia y su disposición para la participación.</div>
<div></div>
<div>Atentamente,</div>

<p>FECHA: 10 de febrero del 2026 HORA: 10:00 A.M. PUNTO DE REUNION: Despacho de la Dirección de Espacio Público y Control urbano- Edificio Superestrellas segundo piso. El orden del día [&hellip;]</p>
