{"id":256366,"date":"2026-09-01T20:49:04","date_gmt":"2026-09-01T20:49:04","guid":{"rendered":"https:\/\/transitobarrancabermeja.gov.co\/ittb\/?post_type=tribe_events&#038;p=256366"},"modified":"2026-09-01T20:49:04","modified_gmt":"2026-09-01T20:49:04","slug":"reunion-ediles-comuna-6","status":"publish","type":"tribe_events","link":"https:\/\/transitobarrancabermeja.gov.co\/ittb\/calendariodeactividad\/reunion-ediles-comuna-6\/","title":{"rendered":"REUNION EDILES COMUNA 6"},"content":{"rendered":"<div data-olk-copy-source=\"CalendarCompose\">Se solicita la reuni\u00f3n para el tema de movilidad, el pico y placa de transporte pesado y dem\u00e1s temas.<\/div>\n<div><\/div>\n<div>Lugar: Direcci\u00f3n ITTB<\/div>\n<div>Hora: 3:00 p.m.<\/div>\n","protected":false},"excerpt":{"rendered":"<p>Se solicita la reuni\u00f3n para el tema de movilidad, el pico y placa de transporte pesado y dem\u00e1s temas. Lugar: Direcci\u00f3n ITTB Hora: 3:00 p.m.<\/p>\n","protected":false},"author":1,"featured_media":0,"template":"","meta":{"_et_pb_use_builder":"","_et_pb_old_content":"","_et_gb_content_width":"","_tribe_events_status":"","_tribe_events_status_reason":"","footnotes":""},"tags":[],"tribe_events_cat":[50],"class_list":["post-256366","tribe_events","type-tribe_events","status-publish","hentry","tribe_events_cat-calendario-de-actividades","cat_calendario-de-actividades"],"jetpack_sharing_enabled":true,"_links":{"self":[{"href":"https:\/\/transitobarrancabermeja.gov.co\/ittb\/wp-json\/wp\/v2\/tribe_events\/256366","targetHints":{"allow":["GET"]}}],"collection":[{"href":"https:\/\/transitobarrancabermeja.gov.co\/ittb\/wp-json\/wp\/v2\/tribe_events"}],"about":[{"href":"https:\/\/transitobarrancabermeja.gov.co\/ittb\/wp-json\/wp\/v2\/types\/tribe_events"}],"author":[{"embeddable":true,"href":"https:\/\/transitobarrancabermeja.gov.co\/ittb\/wp-json\/wp\/v2\/users\/1"}],"version-history":[{"count":1,"href":"https:\/\/transitobarrancabermeja.gov.co\/ittb\/wp-json\/wp\/v2\/tribe_events\/256366\/revisions"}],"predecessor-version":[{"id":256367,"href":"https:\/\/transitobarrancabermeja.gov.co\/ittb\/wp-json\/wp\/v2\/tribe_events\/256366\/revisions\/256367"}],"wp:attachment":[{"href":"https:\/\/transitobarrancabermeja.gov.co\/ittb\/wp-json\/wp\/v2\/media?parent=256366"}],"wp:term":[{"taxonomy":"post_tag","embeddable":true,"href":"https:\/\/transitobarrancabermeja.gov.co\/ittb\/wp-json\/wp\/v2\/tags?post=256366"},{"taxonomy":"tribe_events_cat","embeddable":true,"href":"https:\/\/transitobarrancabermeja.gov.co\/ittb\/wp-json\/wp\/v2\/tribe_events_cat?post=256366"}],"curies":[{"name":"wp","href":"https:\/\/api.w.org\/{rel}","templated":true}]}}

<div data-olk-copy-source="CalendarCompose">Se solicita la reunión para el tema de movilidad, el pico y placa de transporte pesado y demás temas.</div>
<div></div>
<div>Lugar: Dirección ITTB</div>
<div>Hora: 3:00 p.m.</div>

<p>Se solicita la reunión para el tema de movilidad, el pico y placa de transporte pesado y demás temas. Lugar: Dirección ITTB Hora: 3:00 p.m.</p>
