{"id":256360,"date":"2026-09-01T19:56:17","date_gmt":"2026-09-01T19:56:17","guid":{"rendered":"https:\/\/transitobarrancabermeja.gov.co\/ittb\/?post_type=tribe_events&#038;p=256360"},"modified":"2026-09-01T20:00:43","modified_gmt":"2026-09-01T20:00:43","slug":"reunion-aclaratoria-sobre-requerimiento","status":"publish","type":"tribe_events","link":"https:\/\/transitobarrancabermeja.gov.co\/ittb\/calendariodeactividad\/reunion-aclaratoria-sobre-requerimiento\/","title":{"rendered":"REUNI\u00d3N ACLARATORIA SOBRE REQUERIMIENTO"},"content":{"rendered":"<div>REUNI\u00d3N ACLARATORIA SOBRE REQUERIMIENTO<\/div>\n<div><\/div>\n<div>Considerando que el martes 29 de julio fue radicada una solicitud de reuni\u00f3n cuyo fin es esclarecer las disposiciones recientes en la Inspecci\u00f3n de Tr\u00e1nsito y Transporte, con respecto a la gesti\u00f3n del cobro persuasivo a un tercero y la incorporaci\u00f3n de 20 nuevos agentes a la entidad, extendemos la invitaci\u00f3n para una reuni\u00f3n el d\u00eda jueves 11 de Septiembre a las 9:00 am en la oficina de Direcci\u00f3n de la Inspecci\u00f3n de Tr\u00e1nsito y Transporte de Barrancabermeja.<\/div>\n<div><\/div>\n<div>Por cuestiones de espacio se solicita que por favor solo sean 2 personas delegadas por asociaci\u00f3n sindical.<\/div>\n<div><\/div>\n<div>Agradecemos su comprensi\u00f3n y pedimos excusas por los inconveniente.<\/div>\n","protected":false},"excerpt":{"rendered":"<p>REUNI\u00d3N ACLARATORIA SOBRE REQUERIMIENTO Considerando que el martes 29 de julio fue radicada una solicitud de reuni\u00f3n cuyo fin es esclarecer las disposiciones recientes en la Inspecci\u00f3n de Tr\u00e1nsito y [&hellip;]<\/p>\n","protected":false},"author":1,"featured_media":0,"template":"","meta":{"_et_pb_use_builder":"","_et_pb_old_content":"","_et_gb_content_width":"","_tribe_events_status":"","_tribe_events_status_reason":"","footnotes":""},"tags":[],"tribe_events_cat":[50],"class_list":["post-256360","tribe_events","type-tribe_events","status-publish","hentry","tribe_events_cat-calendario-de-actividades","cat_calendario-de-actividades"],"jetpack_sharing_enabled":true,"_links":{"self":[{"href":"https:\/\/transitobarrancabermeja.gov.co\/ittb\/wp-json\/wp\/v2\/tribe_events\/256360","targetHints":{"allow":["GET"]}}],"collection":[{"href":"https:\/\/transitobarrancabermeja.gov.co\/ittb\/wp-json\/wp\/v2\/tribe_events"}],"about":[{"href":"https:\/\/transitobarrancabermeja.gov.co\/ittb\/wp-json\/wp\/v2\/types\/tribe_events"}],"author":[{"embeddable":true,"href":"https:\/\/transitobarrancabermeja.gov.co\/ittb\/wp-json\/wp\/v2\/users\/1"}],"version-history":[{"count":1,"href":"https:\/\/transitobarrancabermeja.gov.co\/ittb\/wp-json\/wp\/v2\/tribe_events\/256360\/revisions"}],"predecessor-version":[{"id":256361,"href":"https:\/\/transitobarrancabermeja.gov.co\/ittb\/wp-json\/wp\/v2\/tribe_events\/256360\/revisions\/256361"}],"wp:attachment":[{"href":"https:\/\/transitobarrancabermeja.gov.co\/ittb\/wp-json\/wp\/v2\/media?parent=256360"}],"wp:term":[{"taxonomy":"post_tag","embeddable":true,"href":"https:\/\/transitobarrancabermeja.gov.co\/ittb\/wp-json\/wp\/v2\/tags?post=256360"},{"taxonomy":"tribe_events_cat","embeddable":true,"href":"https:\/\/transitobarrancabermeja.gov.co\/ittb\/wp-json\/wp\/v2\/tribe_events_cat?post=256360"}],"curies":[{"name":"wp","href":"https:\/\/api.w.org\/{rel}","templated":true}]}}

REUNIÓN ACLARATORIA SOBRE REQUERIMIENTO

<div>REUNIÓN ACLARATORIA SOBRE REQUERIMIENTO</div>
<div></div>
<div>Considerando que el martes 29 de julio fue radicada una solicitud de reunión cuyo fin es esclarecer las disposiciones recientes en la Inspección de Tránsito y Transporte, con respecto a la gestión del cobro persuasivo a un tercero y la incorporación de 20 nuevos agentes a la entidad, extendemos la invitación para una reunión el día jueves 11 de Septiembre a las 9:00 am en la oficina de Dirección de la Inspección de Tránsito y Transporte de Barrancabermeja.</div>
<div></div>
<div>Por cuestiones de espacio se solicita que por favor solo sean 2 personas delegadas por asociación sindical.</div>
<div></div>
<div>Agradecemos su comprensión y pedimos excusas por los inconveniente.</div>

<p>REUNIÓN ACLARATORIA SOBRE REQUERIMIENTO Considerando que el martes 29 de julio fue radicada una solicitud de reunión cuyo fin es esclarecer las disposiciones recientes en la Inspección de Tránsito y [&hellip;]</p>
