{"id":256337,"date":"2026-08-31T17:07:31","date_gmt":"2026-08-31T17:07:31","guid":{"rendered":"https:\/\/transitobarrancabermeja.gov.co\/ittb\/?post_type=tribe_events&#038;p=256337"},"modified":"2026-08-31T17:07:31","modified_gmt":"2026-08-31T17:07:31","slug":"instalacion-mesa-de-coordinacion-articulo-14-del-decreto-003-de-2021","status":"publish","type":"tribe_events","link":"https:\/\/transitobarrancabermeja.gov.co\/ittb\/calendariodeactividad\/instalacion-mesa-de-coordinacion-articulo-14-del-decreto-003-de-2021\/","title":{"rendered":"Instalaci\u00f3n mesa de coordinaci\u00f3n &#8211; art\u00edculo 14 del decreto 003 de 2021"},"content":{"rendered":"<div data-olk-copy-source=\"MessageBody\">En atenci\u00f3n a lo expuesto en el asunto, teniendo en cuenta que en la actualidad hay toma por parte de unos estudiantes en las instalaciones del Colegio Instituto T\u00e9cnico Superior de Comercio y la manifestaci\u00f3n pac\u00edfica que se llevar\u00e1 a cabo el d\u00eda lunes 03 de marzo de 2025 en el Distrito de Barrancabermeja y en aras de dar cumplimiento al decreto 003 de 2021:<\/div>\n<div><\/div>\n<div>\u201cART\u00cdCULO 14. Di\u00e1logo con organizaciones sociales y ciudadanos convocantes. Dentro de las acciones previas a las manifestaciones, como primera acci\u00f3n, se deber\u00e1 realizar labores de di\u00e1logo, interlocuci\u00f3n y reconocimiento de las personas convocantes a movilizaciones de car\u00e1cter nacional, regional y local\u201d<\/div>\n<div><\/div>\n<div>En virtud de lo anterior, me permito de manera respetuosa citarlos a mesa de coordinaci\u00f3n, la cual se llevar\u00e1 a cabo de la siguiente manera:<\/div>\n<div><\/div>\n<div>Hora: 10:00am<\/div>\n<div>D\u00eda: domingo 02 de marzo de 2025<\/div>\n<div>Lugar: virtual TEAMS<\/div>\n<div><\/div>\n<div>Agradezco de antemano su atenci\u00f3n prestada y su vital asistencia.<\/div>\n<div><\/div>\n<div>Cordialmente<\/div>\n<div><\/div>\n<div><\/div>\n<div class=\"x_elementToProof\"><b>EDWIN ADRIAN GARC\u00cdA AVILA<\/b><\/div>\n<div class=\"x_elementToProof\">Alcalde (E)<\/div>\n<div class=\"x_elementToProof\">Decreto 078 de 2025<\/div>\n","protected":false},"excerpt":{"rendered":"<p>En atenci\u00f3n a lo expuesto en el asunto, teniendo en cuenta que en la actualidad hay toma por parte de unos estudiantes en las instalaciones del Colegio Instituto T\u00e9cnico Superior [&hellip;]<\/p>\n","protected":false},"author":1,"featured_media":0,"template":"","meta":{"_et_pb_use_builder":"","_et_pb_old_content":"","_et_gb_content_width":"","_tribe_events_status":"","_tribe_events_status_reason":"","footnotes":""},"tags":[],"tribe_events_cat":[50],"class_list":["post-256337","tribe_events","type-tribe_events","status-publish","hentry","tribe_events_cat-calendario-de-actividades","cat_calendario-de-actividades"],"jetpack_sharing_enabled":true,"_links":{"self":[{"href":"https:\/\/transitobarrancabermeja.gov.co\/ittb\/wp-json\/wp\/v2\/tribe_events\/256337","targetHints":{"allow":["GET"]}}],"collection":[{"href":"https:\/\/transitobarrancabermeja.gov.co\/ittb\/wp-json\/wp\/v2\/tribe_events"}],"about":[{"href":"https:\/\/transitobarrancabermeja.gov.co\/ittb\/wp-json\/wp\/v2\/types\/tribe_events"}],"author":[{"embeddable":true,"href":"https:\/\/transitobarrancabermeja.gov.co\/ittb\/wp-json\/wp\/v2\/users\/1"}],"version-history":[{"count":1,"href":"https:\/\/transitobarrancabermeja.gov.co\/ittb\/wp-json\/wp\/v2\/tribe_events\/256337\/revisions"}],"predecessor-version":[{"id":256340,"href":"https:\/\/transitobarrancabermeja.gov.co\/ittb\/wp-json\/wp\/v2\/tribe_events\/256337\/revisions\/256340"}],"wp:attachment":[{"href":"https:\/\/transitobarrancabermeja.gov.co\/ittb\/wp-json\/wp\/v2\/media?parent=256337"}],"wp:term":[{"taxonomy":"post_tag","embeddable":true,"href":"https:\/\/transitobarrancabermeja.gov.co\/ittb\/wp-json\/wp\/v2\/tags?post=256337"},{"taxonomy":"tribe_events_cat","embeddable":true,"href":"https:\/\/transitobarrancabermeja.gov.co\/ittb\/wp-json\/wp\/v2\/tribe_events_cat?post=256337"}],"curies":[{"name":"wp","href":"https:\/\/api.w.org\/{rel}","templated":true}]}}

Instalación mesa de coordinación &#8211; artículo 14 del decreto 003 de 2021

<div data-olk-copy-source="MessageBody">En atención a lo expuesto en el asunto, teniendo en cuenta que en la actualidad hay toma por parte de unos estudiantes en las instalaciones del Colegio Instituto Técnico Superior de Comercio y la manifestación pacífica que se llevará a cabo el día lunes 03 de marzo de 2025 en el Distrito de Barrancabermeja y en aras de dar cumplimiento al decreto 003 de 2021:</div>
<div></div>
<div>“ARTÍCULO 14. Diálogo con organizaciones sociales y ciudadanos convocantes. Dentro de las acciones previas a las manifestaciones, como primera acción, se deberá realizar labores de diálogo, interlocución y reconocimiento de las personas convocantes a movilizaciones de carácter nacional, regional y local”</div>
<div></div>
<div>En virtud de lo anterior, me permito de manera respetuosa citarlos a mesa de coordinación, la cual se llevará a cabo de la siguiente manera:</div>
<div></div>
<div>Hora: 10:00am</div>
<div>Día: domingo 02 de marzo de 2025</div>
<div>Lugar: virtual TEAMS</div>
<div></div>
<div>Agradezco de antemano su atención prestada y su vital asistencia.</div>
<div></div>
<div>Cordialmente</div>
<div></div>
<div></div>
<div class="x_elementToProof"><b>EDWIN ADRIAN GARCÍA AVILA</b></div>
<div class="x_elementToProof">Alcalde (E)</div>
<div class="x_elementToProof">Decreto 078 de 2025</div>

<p>En atención a lo expuesto en el asunto, teniendo en cuenta que en la actualidad hay toma por parte de unos estudiantes en las instalaciones del Colegio Instituto Técnico Superior [&hellip;]</p>
